{"id":7836,"date":"2023-06-16T15:11:52","date_gmt":"2023-06-16T15:11:52","guid":{"rendered":"https:\/\/projectar.net.ar\/cefede\/?post_type=product&#038;p=7836"},"modified":"2023-06-22T01:01:11","modified_gmt":"2023-06-22T01:01:11","slug":"training-finanzas-personales","status":"publish","type":"product","link":"https:\/\/projectar.net.ar\/cefede\/curso\/training-finanzas-personales\/","title":{"rendered":"Training  \u2013 Finanzas Personales"},"content":{"rendered":"<p>[vc_row full_width=\u00bbstretch_row\u00bb css=\u00bb.vc_custom_1624639913190{padding-top: 8vh !important;padding-bottom: 4vh !important;background-image: url(https:\/\/projectar.net.ar\/cefede\/wp-content\/uploads\/2021\/06\/bg.jpg?id=7643) !important;}\u00bb mobile_bg_img_hidden=\u00bbno\u00bb tablet_bg_img_hidden=\u00bbno\u00bb woodmart_parallax=\u00bb0&#8243; woodmart_gradient_switch=\u00bbno\u00bb row_reverse_mobile=\u00bb0&#8243; row_reverse_tablet=\u00bb0&#8243; woodmart_disable_overflow=\u00bb0&#8243;][vc_column]\t\t\n\t\t<div id=\"wd-64939d3ef3a04\" class=\"title-wrapper wd-wpb set-mb-s reset-last-child  wd-title-color-white wd-title-style-default wd-width-100 text-left vc_custom_1687395666859\">\n\t\t\t\t\t\t\t<div class=\"title-subtitle  subtitle-color-white font-default subtitle-style-background wd-font-weight-600 wd-fontsize-xs\">Inicio Noviembre 2023<\/div>\n\t\t\t\n\t\t\t<div class=\"liner-continer\">\n\t\t\t\t<h4 class=\"woodmart-title-container title  wd-font-weight- wd-fontsize-xxl\" >\u00a1Bienvenidos al Taller Finanzas Personales \u2013 Aprend\u00e9 a manejar tu dinero<\/h4>\n\t\t\t\t\t\t\t<\/div>\n\t\t\t\n\t\t\t\n\t\t\t\t\t<\/div>\n\t\t\n\t\t[vc_empty_space woodmart_hide_large=\u00bb0&#8243; woodmart_hide_medium=\u00bb0&#8243; woodmart_hide_small=\u00bb0&#8243; woodmart_hide_extra_small=\u00bb0&#8243;]\t\t\n\t\t<div id=\"wd-60d63d5585371\" class=\"title-wrapper wd-wpb set-mb-s reset-last-child  wd-title-color-default wd-title-style-underlined wd-width-100 text-left \">\n\t\t\t\n\t\t\t<div class=\"liner-continer\">\n\t\t\t\t<h4 class=\"woodmart-title-container title  wd-font-weight- wd-fontsize-l\" >Informaci\u00f3n General<\/h4>\n\t\t\t\t\t\t\t<\/div>\n\t\t\t\n\t\t\t\n\t\t\t\t\t<\/div>\n\t\t\n\t\t[vc_tta_accordion active_section=\u00bb\u00bb collapsible_all=\u00bbtrue\u00bb][vc_tta_section i_icon_fontawesome=\u00bbfas fa-user-graduate\u00bb add_icon=\u00bbtrue\u00bb title=\u00bbObjetivos\u00bb tab_id=\u00bb1624638783125-390cd783-e4c3&#8243;][vc_column_text woodmart_inline=\u00bbno\u00bb text_larger=\u00bbno\u00bb]Como su nombre lo indica \u201cTraining\u201d, tienen como objetivo entrenar a toda persona con o sin conocimientos financieros, estudiantes y profesionales que pretendan perfeccionar su conocimiento sobre esta tem\u00e1tica para administrar tu dinero y sacar el mayor provecho. Las finanzas no son solo para empresas o expertos en la materia, podes aplicarlas sencillamente a tus ahorros y econom\u00eda familiar o personal.<\/p>\n<p>Teniendo en cuenta tu perfil, intuici\u00f3n, y sentido com\u00fan, incorporaras conocimientos t\u00e9cnicos y herramientas que te permitir\u00e1n ampliar tu criterio, horizonte y tomar mejores de decisiones a la hora de administrar tu propio dinero.[\/vc_column_text][\/vc_tta_section][vc_tta_section i_icon_fontawesome=\u00bbfas fa-user-friends\u00bb add_icon=\u00bbtrue\u00bb title=\u00bbDestinatarios\u00bb tab_id=\u00bb1624638783141-6fd42395-601c\u00bb][vc_column_text woodmart_inline=\u00bbno\u00bb text_larger=\u00bbno\u00bb]<strong><em>P\u00fablico en General, Estudiantes <\/em><\/strong><em>iniciales, intermedios, avanzados o <strong>j\u00f3venes graduados <\/strong>de carreras Universitarias, Terciarias o Tecnicaturas <strong>y profesionales que trabajen de forma independiente<\/strong> que busquen conocer, complementar sus conocimientos te\u00f3rico-t\u00e9cnicos en el manejo real del dinero en nuestro d\u00eda a d\u00eda. <\/em>[\/vc_column_text][\/vc_tta_section][vc_tta_section i_icon_fontawesome=\u00bbfar fa-clock\u00bb add_icon=\u00bbtrue\u00bb title=\u00bbCarga horaria y m\u00f3dulos\u00bb tab_id=\u00bb1624638868870-c8cf7bdd-cf48&#8243;][vc_column_text woodmart_inline=\u00bbno\u00bb text_larger=\u00bbno\u00bb]El programa completo tiene una <strong>carga total de 9 horas.<\/strong>[\/vc_column_text][\/vc_tta_section][vc_tta_section i_icon_fontawesome=\u00bbfas fa-info-circle\u00bb add_icon=\u00bbtrue\u00bb title=\u00bbConsideraciones Generales\u00bb tab_id=\u00bb1624639099177-1db856ba-90f0&#8243;][vc_column_text woodmart_inline=\u00bbno\u00bb text_larger=\u00bbno\u00bb]<strong>&#8211; D\u00edas y Horarios <\/strong><\/p>\n<p>S\u00e1bados de 10.00 a 13.00hs. La jornada se encuentra distribuida en reuni\u00f3n conceptual y aplicaci\u00f3n pr\u00e1ctica.<\/p>\n<p><strong>&#8211; Fechas <\/strong><\/p>\n<p>La duraci\u00f3n del Programa completo es de 3 sabados, con i<strong>nicio en Noviembre.<\/strong>[\/vc_column_text][\/vc_tta_section][vc_tta_section i_icon_fontawesome=\u00bbfas fa-certificate\u00bb add_icon=\u00bbtrue\u00bb title=\u00bbAsistencia M\u00ednima y Certificaci\u00f3n\u00bb tab_id=\u00bb1624639163741-3858c5ce-28b9&#8243;][vc_column_text woodmart_inline=\u00bbno\u00bb text_larger=\u00bbno\u00bb]Se extender\u00e1 un diploma certificado a quienes cumplan con los objetivos planteados en funci\u00f3n a la asistencia y desempe\u00f1o, siendo la asistencia m\u00ednima de un 75% por cada m\u00f3dulo.[\/vc_column_text][\/vc_tta_section][vc_tta_section i_icon_fontawesome=\u00bbfas fa-laptop\u00bb add_icon=\u00bbtrue\u00bb title=\u00bbModalidad Virtual\u00bb tab_id=\u00bb1624639191055-9ad3bc4d-bee9&#8243;][vc_column_text woodmart_inline=\u00bbno\u00bb text_larger=\u00bbno\u00bb]Entorno Virtual de Capacitaci\u00f3n de Projectar, que incluye aula virtual de MEET, Classroom para compartir material, y acceso a la grabaci\u00f3n de la reuni\u00f3n, por si te perdes o queres repetir alguna de las reuniones.[\/vc_column_text][\/vc_tta_section][vc_tta_section i_icon_fontawesome=\u00bbfar fa-clipboard\u00bb add_icon=\u00bbtrue\u00bb title=\u00bbInscripci\u00f3n y Pago\u00bb tab_id=\u00bb1624639232608-8d5bad1d-ac3f\u00bb][vc_column_text woodmart_inline=\u00bbno\u00bb text_larger=\u00bbno\u00bb]Aplicando el descuento para estudiantes, el programa tiene un costo de <strong>$12900 <\/strong>y podr\u00e1s acceder a descuentos adicionales si ya realizaste alguno otro taller e el CEFEDE, y sos parte de nuestra comunidad.<\/p>\n<p>Inscribite mediante la tienda virtual del <strong>CEFEDE<\/strong> <a href=\"https:\/\/projectar.net.ar\/cefede\/\">https:\/\/projectar.net.ar\/cefede\/<\/a><\/p>\n<p>Podr\u00e1s pagarlo con Mercado Pago en cuotas, efectivo en lugares de pago o transferencia en un pago.[\/vc_column_text][\/vc_tta_section][\/vc_tta_accordion][vc_empty_space woodmart_hide_large=\u00bb0&#8243; woodmart_hide_medium=\u00bb0&#8243; woodmart_hide_small=\u00bb0&#8243; woodmart_hide_extra_small=\u00bb0&#8243;]\t\t\n\t\t<div id=\"wd-60d6449dc7034\" class=\"title-wrapper wd-wpb set-mb-s reset-last-child  wd-title-color-default wd-title-style-underlined wd-width-100 text-left \">\n\t\t\t\n\t\t\t<div class=\"liner-continer\">\n\t\t\t\t<h4 class=\"woodmart-title-container title  wd-font-weight- wd-fontsize-l\" >M\u00f3dulos y Contenidos<\/h4>\n\t\t\t\t\t\t\t<\/div>\n\t\t\t\n\t\t\t\n\t\t\t\t\t<\/div>\n\t\t\n\t\t[vc_tta_accordion active_section=\u00bb\u00bb collapsible_all=\u00bbtrue\u00bb][vc_tta_section i_icon_fontawesome=\u00bbfas fa-book-open\u00bb add_icon=\u00bbtrue\u00bb title=\u00bbReuni\u00f3n 1. Introducci\u00f3n a los principios Fundamentales Financieros. Herramientas Financieras.\u00bb tab_id=\u00bb1624652697150-c0d1f91c-8f4c\u00bb][vc_column_text woodmart_inline=\u00bbno\u00bb text_larger=\u00bbno\u00bb]<\/p>\n<ul>\n<li>Qu\u00e9 son las finanzas personales<\/li>\n<li>Cu\u00e1les son las fuentes de ingresos<\/li>\n<li>Aplicaci\u00f3n, utilizaci\u00f3n de los ingresos<\/li>\n<li>Que es ahorro, inversi\u00f3n, cr\u00e9dito, deuda, tasa de inter\u00e9s,tir,van de un proyecto de inversi\u00f3n.<\/li>\n<li>Que son los gastos, an\u00e1lisis y clasificaci\u00f3n<\/li>\n<li>Que es realizar un an\u00e1lisis de situaci\u00f3n actual<\/li>\n<li>Planificaci\u00f3n a lo largo del tiempo<\/li>\n<li>Presupuesto, cash flow, punto de equilibrio.<\/li>\n<li>Los impuestos c\u00f3mo impactan en las finanzas personales<\/li>\n<li>Herramientas financieras (Estado de situaci\u00f3n patrimonial, Presupuesto financiero, Presupuesto econ\u00f3mico)<\/li>\n<li>Planilla de Excel<\/li>\n<li>App Finanzas Personales<\/li>\n<\/ul>\n<p>[\/vc_column_text][\/vc_tta_section][vc_tta_section i_icon_fontawesome=\u00bbfas fa-book-open\u00bb add_icon=\u00bbtrue\u00bb title=\u00bbReuni\u00f3n 2. D\u00f3lares en nuestra econom\u00eda: D\u00f3lar oficial \/d\u00f3lares financieros (ej mep entre otros) \/ mercado informal (blue).\u00bb tab_id=\u00bb1624652697176-d7a14976-1a83&#8243;][vc_column_text woodmart_inline=\u00bbno\u00bb text_larger=\u00bbno\u00bb]Como operar para adquirir divisas, cuenta comitente, brokers, plataformas bullmarkert\/ Binance\/Bitso\/ Buen Bit.<\/p>\n<p>Criptomonedas: concepto de divisa, activo digitales, miner\u00eda.<\/p>\n<p>Los Monederos, Funci\u00f3n.. Diferentes Monederos. Monederos On-line.<\/p>\n<p>\u00abAn\u00e1lisis T\u00e9cnico\u00bb gr\u00e1ficos, cuando hay una tendencia alcista, bajista, lateralizaci\u00f3n, Soportes y Resistencias. velas japonesas, volumen de una cripto. Holdear, trading, patrones.[\/vc_column_text][\/vc_tta_section][vc_tta_section i_icon_fontawesome=\u00bbfas fa-book-open\u00bb add_icon=\u00bbtrue\u00bb title=\u00bbReuni\u00f3n 3. Perfil del inversor, instrumentos financieros, cartera de inversi\u00f3n y consejos de inversi\u00f3n\u00bb tab_id=\u00bb1624652835103-cc18e76a-6438&#8243;][vc_column_text woodmart_inline=\u00bbyes\u00bb text_larger=\u00bbyes\u00bb]<\/p>\n<ul>\n<li style=\"list-style-type: none;\">\n<ul>\n<li>\n<ul>\n<li>Perfil del inversor\n<ul>\n<li>Teor\u00eda del riesgo<\/li>\n<li>Volatilidad<\/li>\n<li>\u00a0Plazos<\/li>\n<li>Armado de perfil<\/li>\n<li>Autoconocimiento<\/li>\n<li>Sugerencias de test<\/li>\n<\/ul>\n<\/li>\n<\/ul>\n<p>&nbsp;<\/p>\n<ul>\n<li>Instrumentos Financieros\n<ul>\n<li>Caracterizaci\u00f3n<\/li>\n<li>Descripci\u00f3n\n<ul>\n<li>Bonos<\/li>\n<li>Acciones<\/li>\n<li>Commodities<\/li>\n<li>Criptomonedas<\/li>\n<li>Derivados<\/li>\n<li>Cedears<\/li>\n<li>Futuros<\/li>\n<\/ul>\n<\/li>\n<li>F.C.I<\/li>\n<\/ul>\n<\/li>\n<\/ul>\n<p>&nbsp;<\/p>\n<ul>\n<li>Carteras de Inversi\u00f3n\n<ul>\n<li>Caracterizaci\u00f3n\n<ul>\n<li>Armado<\/li>\n<li>Ejemplos<\/li>\n<\/ul>\n<\/li>\n<\/ul>\n<\/li>\n<\/ul>\n<p>&nbsp;<\/p>\n<ul>\n<li>Consejos de inversi\u00f3n<\/li>\n<\/ul>\n<\/li>\n<\/ul>\n<\/li>\n<\/ul>\n<p>[\/vc_column_text][\/vc_tta_section][vc_tta_section i_icon_fontawesome=\u00bbfas fa-book-open\u00bb add_icon=\u00bbtrue\u00bb title=\u00bbReuni\u00f3n 4. TRABAJO DE CAMPO INTEGRADOR\u00bb tab_id=\u00bb1624652888964-216a94dd-a1a9&#8243;][vc_column_text woodmart_inline=\u00bbno\u00bb text_larger=\u00bbno\u00bb]<\/p>\n<ul>\n<li>Concientizar sobre la importancia de la planificaci\u00f3n financiera<\/li>\n<\/ul>\n<p>&nbsp;<\/p>\n<ul>\n<li>Incorporar los conceptos de ahorro, previsi\u00f3n y el disfrute a trav\u00e9s de optimizar nuestros ingresos.<\/li>\n<\/ul>\n<p>&nbsp;<\/p>\n<ul>\n<li>Entender los instrumentos existentes para ahorrar, invertir y diversificar.<\/li>\n<\/ul>\n<p>[\/vc_column_text][\/vc_tta_section][\/vc_tta_accordion][vc_empty_space woodmart_hide_large=\u00bb0&#8243; woodmart_hide_medium=\u00bb0&#8243; woodmart_hide_small=\u00bb0&#8243; woodmart_hide_extra_small=\u00bb0&#8243;][\/vc_column][\/vc_row]<\/p>\n","protected":false},"excerpt":{"rendered":"<p>Las finanzas no son solo para empresas o expertos en la materia, podes aplicarlas sencillamente a tus ahorros y econom\u00eda familiar o personal.<\/p>\n<p>Teniendo en cuenta tu perfil, intuici\u00f3n y sentido com\u00fan, incorpora algunos conocimientos t\u00e9cnicos y herramientas que te permitir\u00e1n ampliar tu criterio y tomar mejores decisiones a la hora de administrar tu propio dinero.<i class=\"fas fa-laptop-code\" style=\"color: black;\"><\/i><\/p>\n<p><i class=\"fas fa-laptop\" style=\"color: black;\"><\/i> <span style=\"color: #008e97;\"><strong><em>Clases en VIVO con grupos reducidos y acceso a grabaciones.<\/em><\/strong><\/span><\/p>\n<p><strong>Salida con aplicaci\u00f3n pr\u00e1ctica como asesor financiero<\/strong><\/p>\n","protected":false},"featured_media":7472,"comment_status":"open","ping_status":"closed","template":"","meta":[],"product_cat":[15],"product_tag":[],"class_list":["post-7836","product","type-product","status-publish","has-post-thumbnail","hentry","product_cat-cursos"],"_links":{"self":[{"href":"https:\/\/projectar.net.ar\/cefede\/wp-json\/wp\/v2\/product\/7836","targetHints":{"allow":["GET"]}}],"collection":[{"href":"https:\/\/projectar.net.ar\/cefede\/wp-json\/wp\/v2\/product"}],"about":[{"href":"https:\/\/projectar.net.ar\/cefede\/wp-json\/wp\/v2\/types\/product"}],"replies":[{"embeddable":true,"href":"https:\/\/projectar.net.ar\/cefede\/wp-json\/wp\/v2\/comments?post=7836"}],"wp:featuredmedia":[{"embeddable":true,"href":"https:\/\/projectar.net.ar\/cefede\/wp-json\/wp\/v2\/media\/7472"}],"wp:attachment":[{"href":"https:\/\/projectar.net.ar\/cefede\/wp-json\/wp\/v2\/media?parent=7836"}],"wp:term":[{"taxonomy":"product_cat","embeddable":true,"href":"https:\/\/projectar.net.ar\/cefede\/wp-json\/wp\/v2\/product_cat?post=7836"},{"taxonomy":"product_tag","embeddable":true,"href":"https:\/\/projectar.net.ar\/cefede\/wp-json\/wp\/v2\/product_tag?post=7836"}],"curies":[{"name":"wp","href":"https:\/\/api.w.org\/{rel}","templated":true}]}}